{"id":307,"date":"2023-03-20T11:07:29","date_gmt":"2023-03-20T10:07:29","guid":{"rendered":"https:\/\/ordersend.de\/v4\/?page_id=307"},"modified":"2023-04-11T13:01:47","modified_gmt":"2023-04-11T11:01:47","slug":"hilfe","status":"publish","type":"page","link":"https:\/\/ordersend.de\/v4\/hilfe\/","title":{"rendered":"Hilfe"},"content":{"rendered":"\n<p>F\u00fcr Ihre Fragen rund um die OrderSend-App steht Ihnen das Team des CNS Service Desk gerne zur Seite. Um Sie bei der Nutzung von OrderSend auch online rund um die Uhr optimal zu unterst\u00fctzen, erstellen wir aus den oft gestellten Fragen regelm\u00e4\u00dfig neue Blog-Beitr\u00e4ge. In diesen gehen wir ausf\u00fchrlich auf spezielle Funktionen der App ein.<\/p>\n\n\n\n<p>F\u00fcr Nutzer, die zum ersten Mal mit der OrderSend App arbeiten, haben wir umfangreiche Hilfetexte erarbeitet, um die erste Bestellung schnell und einfach zu t\u00e4tigen. <\/p>\n\n\n\n<p>Sollte dennoch einmal eine Frage unbeantwortet bleiben, kontaktieren Sie uns bitte per E-Mail. <\/p>\n\n\n\n<p>Nat\u00fcrlich sind wir auch an Ihrem Feedback interessiert: Gibt es Funktionen, die Ihre Arbeit mit OrderSend unterst\u00fctzen w\u00fcrden? Vielleicht k\u00f6nnen wir aufgrund Ihrer R\u00fcckmeldung in einer zuk\u00fcnftigen Version unserer Bestell-App OrderSend genau diese Funktion f\u00fcr Sie implementieren.<\/p>\n\n\n\n<div class=\"wp-block-group\"><div class=\"wp-block-group__inner-container is-layout-constrained wp-block-group-is-layout-constrained\">\n<h4 class=\"wp-block-heading\"><strong>Erste Schritte<\/strong><\/h4>\n\n\n\n<ul class=\"wp-block-list\">\n<li><a href=\"https:\/\/ordersend.de\/v4\/bestellen-mit-ordersend\/\" data-type=\"page\" data-id=\"484\">Bestellen mit der OrderSend-App<\/a><\/li>\n<\/ul>\n\n\n\n<h4 class=\"wp-block-heading\"><strong>OrderSend konfigurieren<\/strong><\/h4>\n\n\n\n<ul class=\"wp-block-list\">\n<li><a href=\"https:\/\/ordersend.de\/v4\/einstellungen\/\" data-type=\"page\" data-id=\"489\">\u00c4ndern der Einstellungen der OrderSend-App<\/a><\/li>\n<\/ul>\n\n\n\n<h4 class=\"wp-block-heading\"><strong>Hilfreiche Tools<\/strong><\/h4>\n\n\n\n<ul class=\"wp-block-list\">\n<li><a href=\"https:\/\/ordersend.de\/v4\/letzte-bestellungen\/\" data-type=\"page\" data-id=\"493\">Anzeigen der letzten Bestellungen<\/a><\/li>\n\n\n\n<li><a href=\"https:\/\/ordersend.de\/v4\/bestellvorlagen\/\" data-type=\"page\" data-id=\"496\">Nutzen von Bestellvorlagen f\u00fcr wiederkehrende Bestellungen<\/a><\/li>\n\n\n\n<li><a href=\"https:\/\/ordersend.de\/v4\/bestandsfuehrung\/\" data-type=\"page\" data-id=\"499\">Manuelle Bestandsf\u00fchrung mit OrderSend<\/a><\/li>\n\n\n\n<li><a href=\"https:\/\/ordersend.de\/v4\/barcodes-drucken\/\" data-type=\"page\" data-id=\"502\">Drucken von Barcodes aus der OrderSend-App<\/a><\/li>\n<\/ul>\n<\/div><\/div>\n\n\n\n<figure class=\"wp-block-image size-full is-resized\"><img loading=\"lazy\" decoding=\"async\" src=\"https:\/\/ordersend.de\/v4\/wp-content\/uploads\/ordersend_app_v4.jpg\" alt=\"\" class=\"wp-image-570\" width=\"427\" height=\"427\" srcset=\"https:\/\/ordersend.de\/v4\/wp-content\/uploads\/ordersend_app_v4.jpg 600w, https:\/\/ordersend.de\/v4\/wp-content\/uploads\/ordersend_app_v4-300x300.jpg 300w, https:\/\/ordersend.de\/v4\/wp-content\/uploads\/ordersend_app_v4-150x150.jpg 150w\" sizes=\"auto, (max-width: 427px) 100vw, 427px\" \/><\/figure>\n","protected":false},"excerpt":{"rendered":"<p>F\u00fcr Ihre Fragen rund um die OrderSend-App steht Ihnen das Team des CNS Service Desk gerne zur Seite. Um Sie bei der Nutzung von OrderSend auch online rund um die Uhr optimal zu unterst\u00fctzen, erstellen wir aus den oft gestellten Fragen regelm\u00e4\u00dfig neue Blog-Beitr\u00e4ge. In diesen gehen wir ausf\u00fchrlich auf &hellip;<\/p>\n","protected":false},"author":1,"featured_media":0,"parent":0,"menu_order":0,"comment_status":"closed","ping_status":"closed","template":"","meta":{"footnotes":""},"class_list":["post-307","page","type-page","status-publish","hentry"],"yoast_head":"<!-- This site is optimized with the Yoast SEO plugin v27.4 - https:\/\/yoast.com\/product\/yoast-seo-wordpress\/ -->\n<title>Hilfe - OrderSend<\/title>\n<meta name=\"robots\" content=\"index, follow, max-snippet:-1, max-image-preview:large, max-video-preview:-1\" \/>\n<link rel=\"canonical\" href=\"https:\/\/ordersend.de\/v4\/hilfe\/\" \/>\n<meta property=\"og:locale\" content=\"de_DE\" \/>\n<meta property=\"og:type\" content=\"article\" \/>\n<meta property=\"og:title\" content=\"Hilfe - OrderSend\" \/>\n<meta property=\"og:description\" content=\"F\u00fcr Ihre Fragen rund um die OrderSend-App steht Ihnen das Team des CNS Service Desk gerne zur Seite. Um Sie bei der Nutzung von OrderSend auch online rund um die Uhr optimal zu unterst\u00fctzen, erstellen wir aus den oft gestellten Fragen regelm\u00e4\u00dfig neue Blog-Beitr\u00e4ge. In diesen gehen wir ausf\u00fchrlich auf &hellip;\" \/>\n<meta property=\"og:url\" content=\"https:\/\/ordersend.de\/v4\/hilfe\/\" \/>\n<meta property=\"og:site_name\" content=\"OrderSend\" \/>\n<meta property=\"article:modified_time\" content=\"2023-04-11T11:01:47+00:00\" \/>\n<meta property=\"og:image\" content=\"https:\/\/ordersend.de\/v4\/wp-content\/uploads\/ordersend_app_v4.jpg\" \/>\n<meta name=\"twitter:card\" content=\"summary_large_image\" \/>\n<meta name=\"twitter:label1\" content=\"Gesch\u00e4tzte Lesezeit\" \/>\n\t<meta name=\"twitter:data1\" content=\"1\u00a0Minute\" \/>\n<script type=\"application\/ld+json\" class=\"yoast-schema-graph\">{\"@context\":\"https:\\\/\\\/schema.org\",\"@graph\":[{\"@type\":\"WebPage\",\"@id\":\"https:\\\/\\\/ordersend.de\\\/v4\\\/hilfe\\\/\",\"url\":\"https:\\\/\\\/ordersend.de\\\/v4\\\/hilfe\\\/\",\"name\":\"Hilfe - OrderSend\",\"isPartOf\":{\"@id\":\"https:\\\/\\\/ordersend.de\\\/v4\\\/#website\"},\"primaryImageOfPage\":{\"@id\":\"https:\\\/\\\/ordersend.de\\\/v4\\\/hilfe\\\/#primaryimage\"},\"image\":{\"@id\":\"https:\\\/\\\/ordersend.de\\\/v4\\\/hilfe\\\/#primaryimage\"},\"thumbnailUrl\":\"https:\\\/\\\/ordersend.de\\\/v4\\\/wp-content\\\/uploads\\\/ordersend_app_v4.jpg\",\"datePublished\":\"2023-03-20T10:07:29+00:00\",\"dateModified\":\"2023-04-11T11:01:47+00:00\",\"breadcrumb\":{\"@id\":\"https:\\\/\\\/ordersend.de\\\/v4\\\/hilfe\\\/#breadcrumb\"},\"inLanguage\":\"de\",\"potentialAction\":[{\"@type\":\"ReadAction\",\"target\":[\"https:\\\/\\\/ordersend.de\\\/v4\\\/hilfe\\\/\"]}]},{\"@type\":\"ImageObject\",\"inLanguage\":\"de\",\"@id\":\"https:\\\/\\\/ordersend.de\\\/v4\\\/hilfe\\\/#primaryimage\",\"url\":\"https:\\\/\\\/ordersend.de\\\/v4\\\/wp-content\\\/uploads\\\/ordersend_app_v4.jpg\",\"contentUrl\":\"https:\\\/\\\/ordersend.de\\\/v4\\\/wp-content\\\/uploads\\\/ordersend_app_v4.jpg\",\"width\":600,\"height\":600},{\"@type\":\"BreadcrumbList\",\"@id\":\"https:\\\/\\\/ordersend.de\\\/v4\\\/hilfe\\\/#breadcrumb\",\"itemListElement\":[{\"@type\":\"ListItem\",\"position\":1,\"name\":\"Startseite\",\"item\":\"https:\\\/\\\/ordersend.de\\\/v4\\\/\"},{\"@type\":\"ListItem\",\"position\":2,\"name\":\"Hilfe\"}]},{\"@type\":\"WebSite\",\"@id\":\"https:\\\/\\\/ordersend.de\\\/v4\\\/#website\",\"url\":\"https:\\\/\\\/ordersend.de\\\/v4\\\/\",\"name\":\"OrderSend\",\"description\":\"Ihre digitale Bestell-App\",\"publisher\":{\"@id\":\"https:\\\/\\\/ordersend.de\\\/v4\\\/#organization\"},\"potentialAction\":[{\"@type\":\"SearchAction\",\"target\":{\"@type\":\"EntryPoint\",\"urlTemplate\":\"https:\\\/\\\/ordersend.de\\\/v4\\\/?s={search_term_string}\"},\"query-input\":{\"@type\":\"PropertyValueSpecification\",\"valueRequired\":true,\"valueName\":\"search_term_string\"}}],\"inLanguage\":\"de\"},{\"@type\":\"Organization\",\"@id\":\"https:\\\/\\\/ordersend.de\\\/v4\\\/#organization\",\"name\":\"OrderSend\",\"url\":\"https:\\\/\\\/ordersend.de\\\/v4\\\/\",\"logo\":{\"@type\":\"ImageObject\",\"inLanguage\":\"de\",\"@id\":\"https:\\\/\\\/ordersend.de\\\/v4\\\/#\\\/schema\\\/logo\\\/image\\\/\",\"url\":\"https:\\\/\\\/ordersend.de\\\/v4\\\/wp-content\\\/uploads\\\/ordersend_logo_2022_180_w.svg\",\"contentUrl\":\"https:\\\/\\\/ordersend.de\\\/v4\\\/wp-content\\\/uploads\\\/ordersend_logo_2022_180_w.svg\",\"width\":2080,\"height\":575,\"caption\":\"OrderSend\"},\"image\":{\"@id\":\"https:\\\/\\\/ordersend.de\\\/v4\\\/#\\\/schema\\\/logo\\\/image\\\/\"}}]}<\/script>\n<!-- \/ Yoast SEO plugin. -->","yoast_head_json":{"title":"Hilfe - OrderSend","robots":{"index":"index","follow":"follow","max-snippet":"max-snippet:-1","max-image-preview":"max-image-preview:large","max-video-preview":"max-video-preview:-1"},"canonical":"https:\/\/ordersend.de\/v4\/hilfe\/","og_locale":"de_DE","og_type":"article","og_title":"Hilfe - OrderSend","og_description":"F\u00fcr Ihre Fragen rund um die OrderSend-App steht Ihnen das Team des CNS Service Desk gerne zur Seite. Um Sie bei der Nutzung von OrderSend auch online rund um die Uhr optimal zu unterst\u00fctzen, erstellen wir aus den oft gestellten Fragen regelm\u00e4\u00dfig neue Blog-Beitr\u00e4ge. In diesen gehen wir ausf\u00fchrlich auf &hellip;","og_url":"https:\/\/ordersend.de\/v4\/hilfe\/","og_site_name":"OrderSend","article_modified_time":"2023-04-11T11:01:47+00:00","og_image":[{"url":"https:\/\/ordersend.de\/v4\/wp-content\/uploads\/ordersend_app_v4.jpg","type":"","width":"","height":""}],"twitter_card":"summary_large_image","twitter_misc":{"Gesch\u00e4tzte Lesezeit":"1\u00a0Minute"},"schema":{"@context":"https:\/\/schema.org","@graph":[{"@type":"WebPage","@id":"https:\/\/ordersend.de\/v4\/hilfe\/","url":"https:\/\/ordersend.de\/v4\/hilfe\/","name":"Hilfe - OrderSend","isPartOf":{"@id":"https:\/\/ordersend.de\/v4\/#website"},"primaryImageOfPage":{"@id":"https:\/\/ordersend.de\/v4\/hilfe\/#primaryimage"},"image":{"@id":"https:\/\/ordersend.de\/v4\/hilfe\/#primaryimage"},"thumbnailUrl":"https:\/\/ordersend.de\/v4\/wp-content\/uploads\/ordersend_app_v4.jpg","datePublished":"2023-03-20T10:07:29+00:00","dateModified":"2023-04-11T11:01:47+00:00","breadcrumb":{"@id":"https:\/\/ordersend.de\/v4\/hilfe\/#breadcrumb"},"inLanguage":"de","potentialAction":[{"@type":"ReadAction","target":["https:\/\/ordersend.de\/v4\/hilfe\/"]}]},{"@type":"ImageObject","inLanguage":"de","@id":"https:\/\/ordersend.de\/v4\/hilfe\/#primaryimage","url":"https:\/\/ordersend.de\/v4\/wp-content\/uploads\/ordersend_app_v4.jpg","contentUrl":"https:\/\/ordersend.de\/v4\/wp-content\/uploads\/ordersend_app_v4.jpg","width":600,"height":600},{"@type":"BreadcrumbList","@id":"https:\/\/ordersend.de\/v4\/hilfe\/#breadcrumb","itemListElement":[{"@type":"ListItem","position":1,"name":"Startseite","item":"https:\/\/ordersend.de\/v4\/"},{"@type":"ListItem","position":2,"name":"Hilfe"}]},{"@type":"WebSite","@id":"https:\/\/ordersend.de\/v4\/#website","url":"https:\/\/ordersend.de\/v4\/","name":"OrderSend","description":"Ihre digitale Bestell-App","publisher":{"@id":"https:\/\/ordersend.de\/v4\/#organization"},"potentialAction":[{"@type":"SearchAction","target":{"@type":"EntryPoint","urlTemplate":"https:\/\/ordersend.de\/v4\/?s={search_term_string}"},"query-input":{"@type":"PropertyValueSpecification","valueRequired":true,"valueName":"search_term_string"}}],"inLanguage":"de"},{"@type":"Organization","@id":"https:\/\/ordersend.de\/v4\/#organization","name":"OrderSend","url":"https:\/\/ordersend.de\/v4\/","logo":{"@type":"ImageObject","inLanguage":"de","@id":"https:\/\/ordersend.de\/v4\/#\/schema\/logo\/image\/","url":"https:\/\/ordersend.de\/v4\/wp-content\/uploads\/ordersend_logo_2022_180_w.svg","contentUrl":"https:\/\/ordersend.de\/v4\/wp-content\/uploads\/ordersend_logo_2022_180_w.svg","width":2080,"height":575,"caption":"OrderSend"},"image":{"@id":"https:\/\/ordersend.de\/v4\/#\/schema\/logo\/image\/"}}]}},"_links":{"self":[{"href":"https:\/\/ordersend.de\/v4\/wp-json\/wp\/v2\/pages\/307","targetHints":{"allow":["GET"]}}],"collection":[{"href":"https:\/\/ordersend.de\/v4\/wp-json\/wp\/v2\/pages"}],"about":[{"href":"https:\/\/ordersend.de\/v4\/wp-json\/wp\/v2\/types\/page"}],"author":[{"embeddable":true,"href":"https:\/\/ordersend.de\/v4\/wp-json\/wp\/v2\/users\/1"}],"replies":[{"embeddable":true,"href":"https:\/\/ordersend.de\/v4\/wp-json\/wp\/v2\/comments?post=307"}],"version-history":[{"count":12,"href":"https:\/\/ordersend.de\/v4\/wp-json\/wp\/v2\/pages\/307\/revisions"}],"predecessor-version":[{"id":685,"href":"https:\/\/ordersend.de\/v4\/wp-json\/wp\/v2\/pages\/307\/revisions\/685"}],"wp:attachment":[{"href":"https:\/\/ordersend.de\/v4\/wp-json\/wp\/v2\/media?parent=307"}],"curies":[{"name":"wp","href":"https:\/\/api.w.org\/{rel}","templated":true}]}}