{"id":489,"date":"2023-03-29T12:47:24","date_gmt":"2023-03-29T10:47:24","guid":{"rendered":"https:\/\/ordersend.de\/v4\/?page_id=489"},"modified":"2024-01-01T15:43:02","modified_gmt":"2024-01-01T14:43:02","slug":"einstellungen","status":"publish","type":"page","link":"https:\/\/ordersend.de\/v4\/einstellungen\/","title":{"rendered":"Einstellungen"},"content":{"rendered":"\n<p><strong>\u00dcber den Men\u00fcpunkt \u201eEinstellungen\u201c k\u00f6nnen Sie zum Beispiel das Verhalten der App beim Barcodescan oder die Sprache der App anpassen.<\/strong><\/p>\n\n\n\n<p>Abschnitt &#8222;Verhalten beim Barcode Scan&#8220;<\/p>\n\n\n\n<p>Nutzen Sie OrderSend auf einem regul\u00e4ren PC mit WebCam wird diese als m\u00f6gliche Hardware zum Barcodescan erkannt und zur Konfiguration angeboten. In diesem Szenario ben\u00f6tigen Sie die Webcam jedoch oft nicht. Der Schalter &#8222;<strong>Mit Kamera scannen<\/strong>&#8220; schaltet die Kamera-Scanfunktion, die f\u00fcr die Nutzung von OrderSend auf mobilen Ger\u00e4ten gedacht ist, ab.<\/p>\n\n\n\n<p>Wird die integrierte Kamera des Mobilger\u00e4tes zum Barcode-Scan genutzt, kann diese \u00fcber &#8222;<strong>Kamera w\u00e4hlen&#8230;<\/strong>&#8220; im Punkt &#8222;Kamera f\u00fcr Barcode-Scan&#8220; konfiguriert werden. Moderne Endger\u00e4te verf\u00fcgen auf der R\u00fcckseite \u00fcber mehrere Kameras mit unterschiedlicher Optik. W\u00e4hlen Sie die Kamera, die ein Normales unbearbeitetes Bild liefert &#8211; nicht die Zoom- und auch nicht die Weitwinkel-Kamera. Das Live-Bild der gew\u00e4hlten Kamera wird zur Kontrolle rechts neben der Auswahlm\u00f6glichkeit angezeigt. <\/p>\n\n\n\n<p>OrderSend kann pro gescanntem Barcode jeweils ein Produkt im digitalen Warenkorb ablegen. Wird die Option &#8222;<strong>Mehrfach-Scan erh\u00f6ht die Menge<\/strong>&#8220; aktiviert, kann man einen Barcode z. B. 3 x scannen und es wird ein Eintrag im Warenkorb abgelegt, aber die Menge wird auf 3 gesetzt. Diese Einstellung wirkt sich nur auf die Nutzung von externen Barcode-Scannern aus. Beim Scan mit der Kamera des Mobiltelefons wird beim mehrfachen Scan eines Barcodes die Menge im digitalen Warenkorb erh\u00f6ht.<\/p>\n\n\n\n<p>Mit aktiver Option &#8222;<strong>Prim\u00e4rer Bestands-Scan<\/strong>&#8220; wird bei Barcode-Scan mit einem externen Scanner jeweils der in der OrderSend Bestandsf\u00fchrung hinterlegte Bestand um 1 St\u00fcck minimiert. So k\u00f6nnen bei Nutzung der Bestandsverwaltung prim\u00e4r Entnahmen gescannt werden und Bestellungen \u00fcber den Bestellvorschlag erfasst werden. Soll in diesem Modus ein Produkt f\u00fcr die Bestellung gescannt werden, muss vor dem Scan in den Bereich &#8222;Warenkorb&#8220; gewechselt werden.<\/p>\n\n\n\n<p>Bei aktiviertem Schalter \u201e<strong>Akustische R\u00fcckmeldung<\/strong>\u201c wird bei jedem erkannten Produkt im Scanmodus ein positiver bzw. negativer &#8222;<em>Piep<\/em>&#8222;-Ton ausgegeben. Die Wiedergabe von Sound muss dazu vom Endger\u00e4t unterst\u00fctzt werden. Bei iOS gibt es ggf. Datenschutzeinstellungen, die eine Wiedergabe von Sound im Browser verhindern.<\/p>\n\n\n\n<p>Abschnitt &#8222;Online arbeiten&#8220;<\/p>\n\n\n\n<p>Aktivieren Sie unter \u201eOnline arbeiten\u201c die Option \u201e<strong>Globaler Warenkorb (Online)<\/strong>\u201c wird der Inhalt des digitalen Warenkorbes im Internet statt lokal in einem Cookie gespeichert. Dadurch sind die im Warenkorb befindlichen Produkte auf jedem Ger\u00e4t verf\u00fcgbar, mit dem OrderSend genutzt wird. Hinweis: Beim Ver\u00e4ndern dieser Einstellung wird der Warenkorbinhalt jeweils gel\u00f6scht. Eine Internetverbindung wird ben\u00f6tigt!<\/p>\n\n\n\n<p>Erg\u00e4nzend dazu k\u00f6nnen Sie mit setzen einer Zeit bei \u201e<strong>Automatische Bestellung<\/strong>\u201c den Versand der im digitalen Warenkorb befindlichen Produkte als Bestellung an den H\u00e4ndler zu einer bestimmten Uhrzeit aktivieren. Dazu muss die App nicht angemeldet sein. Aufgrund der in OrderSend konsequent verfolgten Offline-Konfiguration raten wir sogar dazu, dass die App vor erreichen des Zeitpunktes f\u00fcr die automatische Bestellung abgemeldet wird, um nach Anmeldung den aktuellen Stand des Warenkorbes und die Information zur letzten Bestellung korrekt angezeigt zu bekommen. Denn diese Angaben werden nicht automatisch aktualisiert.<\/p>\n\n\n\n<p>Abschnitt &#8222;Sprache&#8220;<\/p>\n\n\n\n<p>Das Auswahlfeld \u201e<strong>Sprache<\/strong>\u201c wechselt die Sprache der Dialoge in der App. Aktuell bieten wir Deutsch, English, Fran\u00e7ais, Italiano, Nederlands, Polski, \u0420\u0443\u0441\u0441\u043a\u0438\u0439, T\u00fcrk\u00e7e an. Nach Auswahl eine Sprache werden alle Dialoge der App in der gew\u00e4hlten Sprache ausgegeben. Diese Einstellung wirkt sich nicht auf die Sprache der vom H\u00e4ndler angebotenen Produktdaten aus.<\/p>\n\n\n\n<p>Abschnitt &#8222;Sicherheit&#8220;<\/p>\n\n\n\n<p>\u00c4ndern Sie das Passwort f\u00fcr die App unter Sicherheit &gt; \u201e<strong>Passwort \u00e4ndern<\/strong>\u201e. Bitte halten Sie sich bei der Wahl eines sicheren Passwortes f\u00fcr die App an die auf der Seite angezeigten Regeln.<\/p>\n\n\n\n<p>Speziell f\u00fcr mobile Ger\u00e4te haben wir die Funktion \u201e<strong>Diesem Ger\u00e4t vertrauen<\/strong>\u201c integriert. Diese werden oft nur von einer Person genutzt und sind mit PIN oder Muster gegen missbr\u00e4uchliches Verwenden gesichert. Eine Abfrage der Zugangsdaten f\u00fcr die OrderSend App ist darum nicht zwingend erforderlich. Nach Aktivieren der Funktion wird der aktuell angemeldete Anwender direkt auf dem Ger\u00e4t gespeichert. Beim n\u00e4chsten Start wird dieser automatisch erkannt und die App startet ohne Abfrage der Anmeldedaten.<\/p>\n\n\n\n<p>Abschnitt &#8222;Geschwindigkeit&#8220;<\/p>\n\n\n\n<p>Unter Geschwindigkeit kann mit dem Auswahlfeld \u201e<strong>Anzahl Suchergebnisse<\/strong>\u201c die Menge der angezeigten Treffer bei der Volltextsuche in der H\u00e4ndler-Produktliste begrenzt werden. \u00c4ltere Mobilger\u00e4te k\u00f6nnen oft mehrere hundert Suchtreffer nur langsam anzeigen.&nbsp;<em>Die Voreinstellung in OrderSend ist eine Begrenzung auf die Ausgabe von 50 Treffern.<\/em><\/p>\n\n\n\n<p>Abschnitt &#8222;Darstellung&#8220;<\/p>\n\n\n\n<p>Mit dem Schalter \u201e<strong>Dark Mode<\/strong>\u201c unter Darstellung k\u00f6nnen Sie ein dunkles Farbschema f\u00fcr die App aktivieren. Dieses Farbschema unterst\u00fctzt das stromsparende Arbeiten auf Ger\u00e4ten mit OLED Displays.<\/p>\n\n\n\n<p>Die Angabe der St\u00fcckzahlen erfolgt per gro\u00dfem -\/+ Button. Damit kann man im Warenkorb schrittweise die ben\u00f6tigte St\u00fcckzahl der zu bestellenden Produkte erh\u00f6hen bzw. vermindern. Auf mobilen Ger\u00e4ten wird darum die Bildschirmtastatur bzw. ein <strong>Nummernpad<\/strong> nicht eingeblendet, um die St\u00fcckzahl zu erfassen.&nbsp;Dies kann aber optional aktiviert werden.<\/p>\n\n\n\n<p>Optional k\u00f6nnen die automatischen Listen &#8222;<strong>Oft bestellt<\/strong>&#8220; und &#8222;<strong>Zuletzt bestellt<\/strong>&#8220; deaktiviert werden, um die Anzeige \u00fcbersichtlicher zu gestalten.<\/p>\n","protected":false},"excerpt":{"rendered":"<p>\u00dcber den Men\u00fcpunkt \u201eEinstellungen\u201c k\u00f6nnen Sie zum Beispiel das Verhalten der App beim Barcodescan oder die Sprache der App anpassen. Abschnitt &#8222;Verhalten beim Barcode Scan&#8220; Nutzen Sie OrderSend auf einem regul\u00e4ren PC mit WebCam wird diese als m\u00f6gliche Hardware zum Barcodescan erkannt und zur Konfiguration angeboten. In diesem Szenario ben\u00f6tigen &hellip;<\/p>\n","protected":false},"author":1,"featured_media":0,"parent":0,"menu_order":0,"comment_status":"closed","ping_status":"closed","template":"","meta":{"footnotes":""},"class_list":["post-489","page","type-page","status-publish","hentry"],"yoast_head":"<!-- This site is optimized with the Yoast SEO plugin v27.4 - https:\/\/yoast.com\/product\/yoast-seo-wordpress\/ -->\n<title>Einstellungen - OrderSend<\/title>\n<meta name=\"robots\" content=\"index, follow, max-snippet:-1, max-image-preview:large, max-video-preview:-1\" \/>\n<link rel=\"canonical\" href=\"https:\/\/ordersend.de\/v4\/einstellungen\/\" \/>\n<meta property=\"og:locale\" content=\"de_DE\" \/>\n<meta property=\"og:type\" content=\"article\" \/>\n<meta property=\"og:title\" content=\"Einstellungen - OrderSend\" \/>\n<meta property=\"og:description\" content=\"\u00dcber den Men\u00fcpunkt \u201eEinstellungen\u201c k\u00f6nnen Sie zum Beispiel das Verhalten der App beim Barcodescan oder die Sprache der App anpassen. Abschnitt &#8222;Verhalten beim Barcode Scan&#8220; Nutzen Sie OrderSend auf einem regul\u00e4ren PC mit WebCam wird diese als m\u00f6gliche Hardware zum Barcodescan erkannt und zur Konfiguration angeboten. In diesem Szenario ben\u00f6tigen &hellip;\" \/>\n<meta property=\"og:url\" content=\"https:\/\/ordersend.de\/v4\/einstellungen\/\" \/>\n<meta property=\"og:site_name\" content=\"OrderSend\" \/>\n<meta property=\"article:modified_time\" content=\"2024-01-01T14:43:02+00:00\" \/>\n<meta name=\"twitter:card\" content=\"summary_large_image\" \/>\n<meta name=\"twitter:label1\" content=\"Gesch\u00e4tzte Lesezeit\" \/>\n\t<meta name=\"twitter:data1\" content=\"5\u00a0Minuten\" \/>\n<script type=\"application\/ld+json\" class=\"yoast-schema-graph\">{\"@context\":\"https:\\\/\\\/schema.org\",\"@graph\":[{\"@type\":\"WebPage\",\"@id\":\"https:\\\/\\\/ordersend.de\\\/v4\\\/einstellungen\\\/\",\"url\":\"https:\\\/\\\/ordersend.de\\\/v4\\\/einstellungen\\\/\",\"name\":\"Einstellungen - OrderSend\",\"isPartOf\":{\"@id\":\"https:\\\/\\\/ordersend.de\\\/v4\\\/#website\"},\"datePublished\":\"2023-03-29T10:47:24+00:00\",\"dateModified\":\"2024-01-01T14:43:02+00:00\",\"breadcrumb\":{\"@id\":\"https:\\\/\\\/ordersend.de\\\/v4\\\/einstellungen\\\/#breadcrumb\"},\"inLanguage\":\"de\",\"potentialAction\":[{\"@type\":\"ReadAction\",\"target\":[\"https:\\\/\\\/ordersend.de\\\/v4\\\/einstellungen\\\/\"]}]},{\"@type\":\"BreadcrumbList\",\"@id\":\"https:\\\/\\\/ordersend.de\\\/v4\\\/einstellungen\\\/#breadcrumb\",\"itemListElement\":[{\"@type\":\"ListItem\",\"position\":1,\"name\":\"Startseite\",\"item\":\"https:\\\/\\\/ordersend.de\\\/v4\\\/\"},{\"@type\":\"ListItem\",\"position\":2,\"name\":\"Einstellungen\"}]},{\"@type\":\"WebSite\",\"@id\":\"https:\\\/\\\/ordersend.de\\\/v4\\\/#website\",\"url\":\"https:\\\/\\\/ordersend.de\\\/v4\\\/\",\"name\":\"OrderSend\",\"description\":\"Ihre digitale Bestell-App\",\"publisher\":{\"@id\":\"https:\\\/\\\/ordersend.de\\\/v4\\\/#organization\"},\"potentialAction\":[{\"@type\":\"SearchAction\",\"target\":{\"@type\":\"EntryPoint\",\"urlTemplate\":\"https:\\\/\\\/ordersend.de\\\/v4\\\/?s={search_term_string}\"},\"query-input\":{\"@type\":\"PropertyValueSpecification\",\"valueRequired\":true,\"valueName\":\"search_term_string\"}}],\"inLanguage\":\"de\"},{\"@type\":\"Organization\",\"@id\":\"https:\\\/\\\/ordersend.de\\\/v4\\\/#organization\",\"name\":\"OrderSend\",\"url\":\"https:\\\/\\\/ordersend.de\\\/v4\\\/\",\"logo\":{\"@type\":\"ImageObject\",\"inLanguage\":\"de\",\"@id\":\"https:\\\/\\\/ordersend.de\\\/v4\\\/#\\\/schema\\\/logo\\\/image\\\/\",\"url\":\"https:\\\/\\\/ordersend.de\\\/v4\\\/wp-content\\\/uploads\\\/ordersend_logo_2022_180_w.svg\",\"contentUrl\":\"https:\\\/\\\/ordersend.de\\\/v4\\\/wp-content\\\/uploads\\\/ordersend_logo_2022_180_w.svg\",\"width\":2080,\"height\":575,\"caption\":\"OrderSend\"},\"image\":{\"@id\":\"https:\\\/\\\/ordersend.de\\\/v4\\\/#\\\/schema\\\/logo\\\/image\\\/\"}}]}<\/script>\n<!-- \/ Yoast SEO plugin. -->","yoast_head_json":{"title":"Einstellungen - OrderSend","robots":{"index":"index","follow":"follow","max-snippet":"max-snippet:-1","max-image-preview":"max-image-preview:large","max-video-preview":"max-video-preview:-1"},"canonical":"https:\/\/ordersend.de\/v4\/einstellungen\/","og_locale":"de_DE","og_type":"article","og_title":"Einstellungen - OrderSend","og_description":"\u00dcber den Men\u00fcpunkt \u201eEinstellungen\u201c k\u00f6nnen Sie zum Beispiel das Verhalten der App beim Barcodescan oder die Sprache der App anpassen. Abschnitt &#8222;Verhalten beim Barcode Scan&#8220; Nutzen Sie OrderSend auf einem regul\u00e4ren PC mit WebCam wird diese als m\u00f6gliche Hardware zum Barcodescan erkannt und zur Konfiguration angeboten. In diesem Szenario ben\u00f6tigen &hellip;","og_url":"https:\/\/ordersend.de\/v4\/einstellungen\/","og_site_name":"OrderSend","article_modified_time":"2024-01-01T14:43:02+00:00","twitter_card":"summary_large_image","twitter_misc":{"Gesch\u00e4tzte Lesezeit":"5\u00a0Minuten"},"schema":{"@context":"https:\/\/schema.org","@graph":[{"@type":"WebPage","@id":"https:\/\/ordersend.de\/v4\/einstellungen\/","url":"https:\/\/ordersend.de\/v4\/einstellungen\/","name":"Einstellungen - OrderSend","isPartOf":{"@id":"https:\/\/ordersend.de\/v4\/#website"},"datePublished":"2023-03-29T10:47:24+00:00","dateModified":"2024-01-01T14:43:02+00:00","breadcrumb":{"@id":"https:\/\/ordersend.de\/v4\/einstellungen\/#breadcrumb"},"inLanguage":"de","potentialAction":[{"@type":"ReadAction","target":["https:\/\/ordersend.de\/v4\/einstellungen\/"]}]},{"@type":"BreadcrumbList","@id":"https:\/\/ordersend.de\/v4\/einstellungen\/#breadcrumb","itemListElement":[{"@type":"ListItem","position":1,"name":"Startseite","item":"https:\/\/ordersend.de\/v4\/"},{"@type":"ListItem","position":2,"name":"Einstellungen"}]},{"@type":"WebSite","@id":"https:\/\/ordersend.de\/v4\/#website","url":"https:\/\/ordersend.de\/v4\/","name":"OrderSend","description":"Ihre digitale Bestell-App","publisher":{"@id":"https:\/\/ordersend.de\/v4\/#organization"},"potentialAction":[{"@type":"SearchAction","target":{"@type":"EntryPoint","urlTemplate":"https:\/\/ordersend.de\/v4\/?s={search_term_string}"},"query-input":{"@type":"PropertyValueSpecification","valueRequired":true,"valueName":"search_term_string"}}],"inLanguage":"de"},{"@type":"Organization","@id":"https:\/\/ordersend.de\/v4\/#organization","name":"OrderSend","url":"https:\/\/ordersend.de\/v4\/","logo":{"@type":"ImageObject","inLanguage":"de","@id":"https:\/\/ordersend.de\/v4\/#\/schema\/logo\/image\/","url":"https:\/\/ordersend.de\/v4\/wp-content\/uploads\/ordersend_logo_2022_180_w.svg","contentUrl":"https:\/\/ordersend.de\/v4\/wp-content\/uploads\/ordersend_logo_2022_180_w.svg","width":2080,"height":575,"caption":"OrderSend"},"image":{"@id":"https:\/\/ordersend.de\/v4\/#\/schema\/logo\/image\/"}}]}},"_links":{"self":[{"href":"https:\/\/ordersend.de\/v4\/wp-json\/wp\/v2\/pages\/489","targetHints":{"allow":["GET"]}}],"collection":[{"href":"https:\/\/ordersend.de\/v4\/wp-json\/wp\/v2\/pages"}],"about":[{"href":"https:\/\/ordersend.de\/v4\/wp-json\/wp\/v2\/types\/page"}],"author":[{"embeddable":true,"href":"https:\/\/ordersend.de\/v4\/wp-json\/wp\/v2\/users\/1"}],"replies":[{"embeddable":true,"href":"https:\/\/ordersend.de\/v4\/wp-json\/wp\/v2\/comments?post=489"}],"version-history":[{"count":9,"href":"https:\/\/ordersend.de\/v4\/wp-json\/wp\/v2\/pages\/489\/revisions"}],"predecessor-version":[{"id":754,"href":"https:\/\/ordersend.de\/v4\/wp-json\/wp\/v2\/pages\/489\/revisions\/754"}],"wp:attachment":[{"href":"https:\/\/ordersend.de\/v4\/wp-json\/wp\/v2\/media?parent=489"}],"curies":[{"name":"wp","href":"https:\/\/api.w.org\/{rel}","templated":true}]}}